 and 153855.
585
What is the highest common divisor of 16025438 and 1430?
286
Calculate the greatest common divisor of 948518 and 101042.
38
What is the greatest common factor of 46244 and 19670516?
4204
Calculate the highest common divisor of 856 and 104088316.
428
Calculate the greatest common divisor of 58340 and 843420.
20
What is the highest common divisor of 1097301685 and 955?
955
Calculate the greatest common factor of 564539 and 807821.
3119
What is the greatest common factor of 2897903 and 1003?
59
What is the greatest common factor of 74566678 and 236?
118
What is the greatest common factor of 72906 and 943022?
58
What is the highest common factor of 1748 and 18304619?
437
Calculate the greatest common divisor of 93240 and 66.
6
Calculate the greatest common divisor of 15850 and 7197802.
634
Calculate the highest common factor of 10037952 and 112.
16
What is the highest common factor of 40138 and 309918?
658
Calculate the greatest common divisor of 14743670 and 269450.
3170
What is the highest common factor of 238 and 3270792?
14
Calculate the greatest common divisor of 91462 and 2920768.
94
What is the greatest common divisor of 55363 and 2816?
11
Calculate the highest common divisor of 717397761 and 9062.
4531
What is the highest common divisor of 37081522 and 17?
17
Calculate the greatest common divisor of 163595208 and 24.
24
What is the highest common factor of 20 and 26144275?
5
Calculate the greatest common factor of 263364884 and 6052.
6052
Calculate the greatest common factor of 3191174 and 2989.
49
Calculate the highest common factor of 657 and 7743177.
9
Calculate the highest common factor of 23688 and 2721096.
504
What is the greatest common factor of 7360082 and 4216?
1054
What is the greatest common divisor of 103077 and 193518?
117
What is the greatest common factor of 60 and 216705588?
12
What is the highest common divisor of 10 and 502318080?
10
Calculate the greatest common divisor of 1729284 and 1144699.
2719
What is the highest common factor of 347836 and 236?
4
What is the greatest common divisor of 271444 and 993004?
3436
Calculate the highest common factor of 30773443 and 159.
53
Calculate the greatest common divisor of 14355 and 896265.
45
What is the highest common factor of 29 and 227558?
1
Calculate the greatest common divisor of 6006495 and 1430.
55
Calculate the greatest common factor of 5029956 and 324.
36
Calculate the greatest common factor of 100592119 and 43730.
4373
Calculate the greatest common divisor of 6016 and 17531.
47
Calculate the highest common divisor of 2114664 and 6936.
408
Calculate the greatest common divisor of 2982166 and 726.
242
Calculate the greatest common divisor of 3525378276 and 1722.
1722
What is the greatest common divisor of 5403105 and 21870?
1215
What is the highest common divisor of 130463 and 470912?
283
Calculate the highest common factor of 913542 and 71946.
42
Calculate the highest common factor of 2235 and 77233405.
745
What is the highest common divisor of 28760128 and 128?
64
What is the greatest common factor of 3074637 and 136439?
3173
Calculate the highest common factor of 703 and 479239318.
703
Calculate the greatest common divisor of 2352 and 3174416.
784
Calculate the greatest common divisor of 1512 and 872445816.
216
Calculate the highest common divisor of 432 and 92699472.
48
Calculate the highest common divisor of 1515 and 7014753.
303
What is the greatest common divisor of 54 and 288894?
6
Calculate the highest common factor of 1462 and 10141724.
34
Calculate the highest common divisor of 12894 and 78162.
42
Calculate the greatest common divisor of 987660 and 5626500.
1860
What is the highest common divisor of 4739016 and 96?
24
Calculate the greatest common factor of 246 and 6715431.
123
Calculate the highest common divisor of 299442 and 100386.
858
Calculate the greatest common factor of 68094 and 33418710.
702
What is the greatest common factor of 2538 and 23466?
6
Calculate the highest common divisor of 3270 and 1784766.
654
Calculate the highest common divisor of 137555 and 621590.
305
Calculate the highest common divisor of 285704 and 135810.
1006
What is the highest common factor of 3320 and 566724?
332
What is the greatest common factor of 159744 and 92976?
624
What is the greatest common divisor of 8131312 and 59408?
1264
What is the greatest common divisor of 24377409 and 12852?
189
Calculate the greatest common factor of 53110632 and 408.
24
Calculate the greatest common factor of 279293316 and 6438.
6438
Calculate the highest common divisor of 1028 and 17081.
1
What is the highest common divisor of 16989848 and 648?
8
Calculate the highest common factor of 13864496 and 32.
16
What is the highest common factor of 53832021 and 35845?
7169
Calculate the greatest common factor of 446292 and 25921.
1127
What is the greatest common factor of 23257528 and 6965?
1393
What is the highest common factor of 10745 and 10367083?
307
What is the greatest common factor of 4106173 and 14548?
3637
Calculate the highest common factor of 116053504 and 43008.
3584
What is the greatest common divisor of 1685 and 19109248?
337
What is the highest common divisor of 2148372 and 1504148?
2876
What is the highest common factor of 34360314 and 48?
6
What is the greatest common factor of 212824 and 40552?
296
What is the highest common factor of 158457 and 104682?
717
Calculate the greatest common factor of 95 and 1812341315.
95
What is the greatest common factor of 409663 and 2862215?
2713
Calculate the greatest common divisor of 688 and 91569904.
16
What is the highest common factor of 14980 and 1434335?
3745
Calculate the greatest common divisor of 15 and 341615985.
15
What is the greatest common divisor of 2903050 and 10?
10
What is the highest common factor of 347322992 and 4?
4
Calculate the greatest common factor of 96091172 and 412.
412
What is the highest common divisor of 337963 and 119351?
41
Calculate the highest common divisor of 149575992 and 713.
713
What is the greatest common divisor of 307022496 and 1056?
1056
What is the highest common divisor of 88 and 543512?
8
Calculate the highest common factor of 279 and 639772947.
279
What is the greatest common divisor of 1087298160 and 7930?
7930
What is the highest common divisor of 437048822 and 14?
14
Calculate the highest common divisor of 683130 and 107478.
42
Calculate the highest common factor of 7289 and 4329469.
197
What is the greatest common divisor of 1309 and 78836395?
187
Calculate the greatest common divisor of 4367 and 3318326.
11
What is the highest common factor of 1563 and 71466612?
1563
Calculate the highest common divisor of 34321450 and 4610.
4610
Calculate the highest common divisor of 2280 and 1927740.
1140
Calculate the greatest common divisor of 7075 and 443461.
283
Calculate the highest common factor of 42593 and 537283.
191
What is the greatest common factor of 38243 and 248663?
167
Calculate the highest common factor of 297273106 and 26.
26
What is the greatest common factor of 576 and 76941?
9
What is the greatest common factor of 8045 and 55208008?
1609
What is the highest common factor of 2275 and 119210?
455
Calculate the greatest common divisor of 678 and 149916874.
226
What is the greatest common divisor of 1968880 and 45?
5
Calculate the highest common divisor of 158 and 6970723.
79
Calculate the highest common factor of 9432569 and 969.
323
What is the greatest common factor of 5387880 and 15340?
1180
What is the highest common factor of 141423465 and 2085?
2085
Calculate the highest common factor of 10284521 and 468.
13
What is the highest common divisor of 80939146 and 716?
358
Calculate the greatest common factor of 928719 and 11232.
27
Calculate the greatest common divisor of 15 and 131066499.
3
Calculate the greatest common factor of 26791 and 239.
1
Calculate the highest common divisor of 132 and 40008804.
132
What is the highest common factor of 113072 and 2069632?
592
Calculate the highest common factor of 119678202 and 999.
999
Calculate the greatest common factor of 25022076 and 4.
4
What is the greatest common factor of 2061 and 463320?
9
What is the greatest common factor of 160 and 92124320?
160
What is the greatest common factor of 2592 and 230464?
32
Wha